3*s + 2*r + 4 = 0. Calculate the remainder when 16 is divided by s.
0
Suppose -182 = -7*q - 6*q. Let b(i) = 24*i - 3*i - 2 + 1. Calculate the remainder when b(2) is divided by q.
13
Suppose 2*r + 2*a = -4, 0*r - 5*r + 22 = -3*a. Suppose 0 = -r*y + y + 26. What is the remainder when y is divided by 14?
12
Let y = 82 + -27. Let h = 58 + -31. Suppose -h - 11 = -2*m. What is the remainder when y is divided by m?
17
Suppose -5*f = 10, 5*k - 2*f - 153 = -3*f. What is the remainder when 89 is divided by k?
27
Suppose 0 = 4*n - 4 - 32. Suppose -n + 1 = -s. Calculate the remainder when (-4)/(-18) + (-777)/(-27) is divided by s.
5
Calculate the remainder when 47 + (48/3)/4 is divided by 19.
13
Suppose 0 = 5*z - 0*z, 3*y - 63 = 3*z. Calculate the remainder when 104 is divided by y.
20
Let f = -45 - 122. Let g = -108 - f. Calculate the remainder when g is divided by 20.
19
Suppose 5*w - 3*w = 3*p - 5, -3*w = 2*p + 14. Let l = 6 + w. What is the remainder when l/5 + 426/10 is divided by 15?
13
Let v(i) = -9*i - 33. Calculate the remainder when 38 is divided by v(-6).
17
Suppose -d = d - 6. Suppose 2*j - d = 93. Suppose -4*x + 52 = -j. What is the remainder when x is divided by 9?
7
Let r(j) = 2*j**2 - 4*j**2 + 5*j**2 - 6*j**3 + 2 - 4. What is the remainder when r(-2) is divided by 20?
18
Suppose -4*x - 2*k + 64 = 0, 0*x - x + k = -16. What is the remainder when 9/(-3) - -33*1 is divided by x?
14
Suppose 0 = -5*g + g + 3*j + 109, 3 = 3*j. Let z = 70 - g. Calculate the remainder when z is divided by (-97)/(-9) + 4/18.
9
Suppose 0 = -9*w + 53 + 64. What is the remainder when 142 is divided by w?
12
Suppose -3*m = -5*l - 51 - 1, -2*l = -8. Suppose -m - 41 = -5*u. What is the remainder when 38 is divided by u?
12
What is the remainder when (-8)/44 + ((-928)/(-22) - 0) is divided by 9?
6
Suppose 2 = z + 8. Let c(i) = -i**3 - 3*i**2 + 9*i + 8. What is the remainder when c(z) is divided by 21?
20
What is the remainder when ((-7 + -1)*2)/(-2) is divided by (-2)/9 + (-282)/(-54)?
3
Let c(t) = -t**3 - 2*t**2 - t - 1. Let i be c(-5). Let q be (4/10)/(1/290). Let v = q - i. Calculate the remainder when v is divided by 19.
18
Suppose -a - 7*w + 2*w = 15, -a - 6 = 2*w. Suppose 0 = -5*s - 5*y + y + 46, a = 4*s + 3*y - 36. What is the remainder when 11 is divided by s?
5
Let t(c) = 3*c + 4. Calculate the remainder when 17 is divided by t(2).
7
Suppose -3*j + 89 - 23 = 0. Let l be 1/2 + 6/4. Calculate the remainder when j is divided by (4/5)/(l/30).
10
Suppose -4*w = -w - 15, 3*w - 35 = -5*b. Calculate the remainder when 25 is divided by b.
1
Let x = -18 - -47. Calculate the remainder when 80 is divided by x.
22
Suppose 0 = 7*o - 3*o - 36. Suppose o*h = 2*s + 4*h - 76, 0 = -5*h. Let u = 147 - 137. What is the remainder when s is divided by u?
8
Let u be (-75)/27 + 8/(-36). What is the remainder when 26 is divided by u*(-2)/4*6?
8
Let b be 651/91 - (-4)/(-26). What is the remainder when 26 is divided by 100/b + 4/(-14)?
12
Let s = 32 + 39. What is the remainder when s is divided by 24?
23
Let g(u) = u**2 + u + 17. Suppose 5 - 25 = 5*z. Calculate the remainder when 4/3*(-96)/z is divided by g(0).
15
Let n(q) = -28*q - 27. Calculate the remainder when n(-4) is divided by 11.
8
Calculate the remainder when (-5 + (-335)/(-15))/((-2)/(-6)) is divided by 5.
2
Let y = 3 - 3. Let g be (-1 + y)*64/4. Let u = 3 - g. What is the remainder when u is divided by 10?
9
Let a(c) = 7*c**2 - c + 71. Calculate the remainder when a(0) is divided by 15.
11
Let r(y) = -55*y + 7. Let c be r(-3). Let d = -95 + c. Calculate the remainder when d is divided by 16.
13
Let c = 93 - 74. Let s(i) = i - 5. Let o be s(5). Suppose o = -0*k - 3*k + 165. What is the remainder when k is divided by c?
17
Let x be -4*(2 - 6)/4. Let q(m) = 3*m - 1. Calculate the remainder when q(x) is divided by 7.
4
Let p be (-1)/(-1)*(-50)/(-5). Suppose 30 = u + 3*s, 48 = u + 5*s + p. What is the remainder when u is divided by 10?
8
Let w = 18 + -14. What is the remainder when 10 is divided by w?
2
Let c = -45 - -55. Calculate the remainder when (-4 - -23) + (-1 - 1) is divided by c.
7
Let n be 1/(-6) - (-330)/36. Calculate the remainder when 20 is divided by (n/(-3))/((-9)/33).
9
Let x be -3 - 1 - 2/(-2). Let h = 23 - x. Suppose -3*l + h = -l. What is the remainder when 37 is divided by l?
11
Let j = -1 - -6. Suppose 2*w = j*w - 18. What is the remainder when w is divided by 3?
0
Let w(h) = 14*h**3 + 1. Let m be 0/8 - (-1 - 0). Calculate the remainder when 57 is divided by w(m).
12
Suppose -2*n + 12 = 4. What is the remainder when 12 is divided by n?
0
Suppose -129 = -2*g - g. Let u = 36 - 14. Calculate the remainder when g is divided by u.
21
What is the remainder when 28 is divided by (-2)/4 - (5 + (-33)/2)?
6
Suppose -2*s = 3*s + 5. Let h = s + 0. Let f = h - -4. What is the remainder when 9 is divided by f?
0
Let s(u) = 11*u - 1. Let t(g) = -22*g + 3. Let x(a) = 7*s(a) + 3*t(a). Calculate the remainder when x(4) is divided by 12.
10
Let i(r) = 3*r**2 - 3*r - 4. Let g = 5 - 4. Let u = 4 - g. What is the remainder when i(u) is divided by 5?
4
Let w(l) = -4*l - 17. Let m = 123 + -64. What is the remainder when m is divided by w(-8)?
14
Suppose 3*o - 130 = 8. What is the remainder when o is divided by 16?
14
Suppose 3*f - 4*s - 186 = 0, 62 = f + s + 2*s. Let q = f - 43. Suppose 3*h - 39 = -k, 3*k + 148 = 7*k + 4*h. Calculate the remainder when k is divided by q.
17
Suppose -5*q + 7 = 3*a, -2*a + 0*a + 10 = 2*q. Suppose 0 = -c + 7 + a. Suppose 0*v = 3*v - 93. What is the remainder when v is divided by c?
15
Let w(z) = -z**3 - z**2 + z. Let l be w(-2). Suppose 3*f - 38 = -l. Calculate the remainder when 47 is divided by f.
11
Let v = 162 - 75. What is the remainder when v is divided by 18?
15
Let d = -34 - -93. Let q = d - 27. Calculate the remainder when q is divided by 2 + -2 + 22/2.
10
Suppose s + s - 4 = 0. Let l = 9 + -6. Let z = l + 2. What is the remainder when z is divided by s?
1
Suppose -2*t - 2 = 7*l - 2*l, 5*l = -5*t - 5. Suppose l = -m - 2*m + 99. Let d = -19 + m. Calculate the remainder when 27 is divided by d.
13
Calculate the remainder when 2 + ((-2)/1 - 954/(-6)) is divided by 20.
19
Suppose 3*f = -f + 12. Suppose -2*b + 60 = f*b. What is the remainder when 46 is divided by b?
10
Let j be 5/(5/2) - 4. Let b be ((-4)/(-1)*-1)/j. Calculate the remainder when (0 - b)/2 - -11 is divided by 6.
4
Let q be (-3)/((2/(-2))/3). Calculate the remainder when (-2)/7 - 468/(-21) is divided by q + (-2 - 1 - -2).
6
Suppose -o - 2*o + 9 = 0. Suppose 29 = 4*s + o*l - 12, 3 = -3*l. Calculate the remainder when 32 is divided by s.
10
Let g = -12 + 20. Calculate the remainder when 30 is divided by g.
6
Let r(s) = s + 8. Let d be r(-6). Suppose -d*l - 16 = -5*l - 2*o, o = l - 2. What is the remainder when 6 is divided by l?
2
Let g = 57 - 30. Suppose 6*o - 2*b = 3*o + 123, 0 = 3*b - 9. Suppose -3*t + o = 3*v + v, -4*v = 5*t - 45. Calculate the remainder when g is divided by v.
7
Suppose -2*f + 3*q + 71 = 0, -3*f + 171 = 2*f - q. Calculate the remainder when f is divided by -9*(-3)/(-6)*-2.
7
Let o(w) = -w. Let d be ((-1)/2)/(1/(-12)). Calculate the remainder when (-15)/(-2)*8/d is divided by o(-4).
2
Suppose -4*t + 40 = 2*p, p = 2*t + 25 + 7. Let j(y) = 3*y**3 - y + 1. Let x be j(1). Let c = x - -4. What is the remainder when p is divided by c?
5
Suppose -i + 5*i - 72 = 0. Let l = 8 - 2. What is the remainder when (-9)/(-27) + 208/l is divided by i?
17
Suppose -5*g = -111 - 114. Calculate the remainder when g is divided by 14.
3
Suppose -29*t + 51 = -26*t - 4*m, -4*t = -m - 68. Let d(k) = 7*k**3 - 2*k**2 - k + 2. Calculate the remainder when d(2) is divided by t.
14
Let c be (-10)/(-5) + -2 + 3. Suppose 0 = -c*a - 0*a - 6, -39 = -3*y + 3*a. What is the remainder when y is divided by 3?
2
Suppose -l + g = -3*l + 25, -5 = 2*l - 5*g. Calculate the remainder when 39 is divided by l.
9
Suppose 0 = 4*q + y - 111, -3*y + 38 = q + 2. What is the remainder when 17 is divided by q/(-2)*6/(-9)?
8
Let v = -25 + 37. Suppose -v = -g + 14. Calculate the remainder when g is divided by 9.
8
Let n = 408 - 77. What is the remainder when n is divided by 37?
35
Calculate the remainder when 21 is divided by 101/9 + (-20)/90.
10
Suppose 0 + 19 = h. Sup